Suppose q*r + 5*j - 633 + 8 = 0, 0 = 3*r - 3*j - 345. What is the hundreds digit of r?
1
Let u(j) = 11485*j + 209. What is the ten thousands digit of u(1)?
1
Suppose 4*s + 4 = -0*s. Let y be 18/(-24)*4*-22. What is the tens digit of y + s + -2 + 2 + -2?
6
Let w(f) = 33*f**2 + 70*f + 85. What is the hundreds digit of w(17)?
8
Let u(v) = 2*v + 14. Let g(n) = n + 7. Let y(a) = 5*g(a) - 3*u(a). Suppose 0*t = 2*t + 18. What is the units digit of y(t)?
2
Suppose 0 = 3*s + 5*c - 86048, 2*s - 3*c = -2*s + 114750. What is the thousands digit of s/(-63)*(-1 + -2)?
1
Let m(o) = -27*o - 68. Let z(a) = -9*a - 23. Let f(d) = -4*m(d) + 11*z(d). What is the tens digit of f(4)?
5
Suppose a - 162 = 154. Let j = a - -56. What is the units digit of j?
2
What is the units digit of 8/92 + (-1442298)/(-897)?
8
Let m(t) = -4*t - 29. Let g be m(0). Let y = g + 42. Suppose -y = -c + 24. What is the units digit of c?
7
Suppose -725 = -23*s + 1069. Let b(q) = -q**2 - 4*q - 4. Let z be b(-7). Let i = s + z. What is the tens digit of i?
5
Let q be 10/14 + 1386/(-294). Let r(v) be the third derivative of -41*v**4/24 - 22*v**3/3 + 2*v**2. What is the tens digit of r(q)?
2
What is the units digit of 2/((-2)/153452*(74 + -78))?
3
Let i be (-9)/2*(3 - (-165)/(-9)). What is the hundreds digit of ((-247)/(-39))/(1/i)?
4
Let q(s) = 9*s + 10. Let p be q(-3). Let d be -3*4/6 - -1 - p. Suppose d*b + 74 = 18*b. What is the tens digit of b?
3
Suppose -16 = -2*h - 3*j + 7, 9 = h + j. Suppose -h*d + d = 3*c - 1830, -3*c - 618 = -d. What is the units digit of d?
2
Let h(r) = r. Let y be h(-15). Let j = -15 - y. Suppose -2*f + 0*f = 3*x - 345, j = -f. What is the tens digit of x?
1
Let d = 34492 - -32134. What is the thousands digit of d?
6
Suppose 5*r + t - 22132 = 0, 2*r - 14*t = -17*t + 8845. Suppose 2*m - r = -3*l + 1274, -m = 1. What is the tens digit of l?
0
Suppose 2*i - 4*k - 5107 = 23071, -70410 = -5*i + 3*k. What is the ten thousands digit of i?
1
Let p = 38 + -33. Let l be -2*(-21)/6 - (-3 - -5). Suppose l*s + 0*s - 138 = -2*n, s = -p*n + 23. What is the tens digit of s?
2
Let k = 1424 + -1432. Let b(s) = -s. Let f(t) = -t**2 - 5*t - 5. Let i(g) = 6*b(g) - f(g). What is the tens digit of i(k)?
7
Let j = -1539 + 1587. Let f be (-4)/2 - -3*30. Let c = f - j. What is the units digit of c?
0
Let i(w) be the first derivative of w**2 + 124*w - 82. What is the tens digit of i(-22)?
8
Let n(m) = -29*m**2 + 7*m - 1. Let j be n(3). Let a = 348 + j. What is the hundreds digit of a?
1
Suppose 449*u + 76380 = 453*u + 4*x, u + 3*x - 19101 = 0. What is the hundreds digit of u?
0
Suppose -7*j = -12*j + 22270. Suppose -9*v + j = 665. What is the units digit of v?
1
Let i(x) = -x**3 + 6*x**2 + 14*x - 6. Let j be i(6). What is the tens digit of (j/(-24))/((-3)/84)?
9
Let c(y) = -27*y + 58. Let x be 132/(-77) + (-4)/14 - 31. What is the tens digit of c(x)?
4
Suppose -12014 = -5*z + 4*f, 2*f + 397 = z - 2001. What is the tens digit of 8*z/48*4?
0
Suppose -56*k + 52*k = -260. Suppose -9*g + 70 = -k. What is the units digit of g?
5
Let o = 168 - 180. What is the tens digit of (43695/(-20))/(-9) - 3/o?
4
Suppose -505215 - 985299 + 286832 = -137*h. What is the units digit of h?
6
Let h(b) = -b**2 - 21*b - 111. Let j be h(-8). Let o(l) = -174*l + 245. What is the thousands digit of o(j)?
1
Suppose 471 = 6*p + 231. Let z(w) = 15*w**2 + w - 3. Let t be z(2). Let b = p + t. What is the units digit of b?
9
Suppose 379*p - 365*p - 268590 = 0. What is the tens digit of p?
8
Suppose -4*s - 2*t + 12970 = -27522, -20 = -5*t. What is the ten thousands digit of s?
1
Let x = -994 - -491. Let s = 812 + x. What is the units digit of s?
9
Let u(n) = 2*n - 84*n**2 + 11 - 19 + n**3 + 75*n**2 - 14. Let c be u(9). What is the tens digit of (2/c)/(1/(-74))?
3
Let p(j) be the second derivative of -j**5/20 + 3*j**4/4 - j**3/3 - 7*j**2 - 11*j. Let w be p(6). Suppose -10*q + 11*q = w. What is the units digit of q?
2
Suppose -64*t - 15335 = -65*t + 4*n, 5*n = -5*t + 76825. What is the hundreds digit of t?
3
Suppose 4*q = q + 4*k + 1906, -3*k - 1271 = -2*q. Suppose q = 2*s + 86. What is the hundreds digit of s?
2
Suppose 170673 = 5*c + 3*w, 7*c - 5*w - 34129 = 6*c. What is the tens digit of c?
3
Let p(x) = 18*x + x**2 + 16*x - 4*x. What is the tens digit of p(-32)?
6
Let m(l) = -1555*l + 2445. What is the hundreds digit of m(-16)?
3
Let w be (-6 - -10)/(2 + -1). What is the units digit of (-1)/(-4)*w + (-147)/(-3)?
0
What is the thousands digit of (-2 + 9986/(-8))*(-14 + 13)*4?
5
Let i be 5/25 - (-96)/20. Suppose 0 = a - 2*x - 961, 4835 = i*a + 8*x - 3*x. What is the hundreds digit of a?
9
Let y(g) = g**2 + 8. Let i be y(-2). What is the units digit of i/(-84) + 9528/7?
1
Let p = -38 + 46. Let h(i) = 35*i - p*i + 3 + 1. What is the units digit of h(7)?
3
Let z be (8 - 6)*151/2. Let a(d) = -131*d - 7. Let q be a(-2). Let w = q - z. What is the units digit of w?
4
Suppose 23 = 2*n + 5*x, 17 = -2*n + 8*x - 5*x. Let m(p) = -338*p - 2. What is the units digit of m(n)?
6
Let d = 15136 - 395. What is the thousands digit of d?
4
What is the units digit of 73 + -73 - 21324/(-2 - 1)?
8
Suppose i = -3*t + 11, -3*t + 24 = -4*i + 2*t. What is the hundreds digit of ((2 - 9) + -767)/i?
7
Let d = -40 - -49. Suppose f + d = 4*f. Suppose f*o + 4*l - 66 = 0, 2*l = 2*o - 20 - 10. What is the tens digit of o?
1
Let o = 7 - 6. Let z be o - 5/2 - 21/42. What is the units digit of -4 - (204/z - 4)?
2
Let o(r) = -r**2 + 16*r - 7. Let d be o(14). Let v(k) = -d + 6*k + 12*k - 11*k + 10*k. What is the units digit of v(11)?
6
Suppose 2*r = -3*a + 11, 4*a = 4*r - 46 + 14. Let y(l) = -3 - r - l**2 + 2 - 13*l. What is the tens digit of y(-10)?
2
What is the ten thousands digit of 913197/148*(-12 + 20)?
4
Suppose 4*w = 3*c - 4, 0*w + c = -3*w + 10. Suppose -5*p + w*h + 85 = -2044, 0 = 2*p - 4*h - 842. What is the hundreds digit of p?
4
Let w be ((-2)/5)/((-7)/(-1680)*-2). What is the tens digit of (w/(-14))/(-6)*329?
8
Suppose -15 = 9*k - 42. Suppose 3*s - 6 = 0, -k*p - s = -2*p - 788. What is the tens digit of p?
8
Suppose -13*r = -12*r - 135. Let n = r - 79. What is the units digit of n?
6
Let v be (-615)/3 + (-3)/(-6)*-2. Let w = v - -390. Suppose 9*m + w = 11*m. What is the tens digit of m?
9
Let g = 475 - 473. Suppose -8 - 746 = -g*n. What is the tens digit of n?
7
Let a(l) = -l**2 - 9*l - 1. Let p be a(-8). Let n(t) = -9*t + p*t**2 + 12*t - 36 + 39. What is the hundreds digit of n(4)?
1
What is the units digit of ((-30)/40*-43132 - -4)/1?
3
Let j(t) = 4*t**2 + 1 + 3 + 3*t - t - 6*t. Let f be 1/7 + 330/42. What is the hundreds digit of j(f)?
2
Suppose -14863 = -2*d + q, -8*q = -5*d - 3*q + 37150. What is the thousands digit of d?
7
What is the units digit of (-908425)/(-49) + 72/(-56)?
8
What is the units digit of 22/5*(-95)/(-57)*918?
2
Suppose z + 2*z + 1683 = 5*f, z = 4. Let h = 479 - f. What is the hundreds digit of h?
1
Suppose -101*x + 8543 = -91952. What is the units digit of x?
5
Let l = 21 - 16. Suppose -3*a - a = -2*k - 632, l*k = -a + 180. Suppose 0*s = 5*s - a. What is the units digit of s?
2
Suppose -2*n - 12423 = -103*n. What is the units digit of n?
3
Suppose 0*p + 4*s = -p - 13, 0 = -3*s - 15. Suppose -2*r + p*k - 2*k + 937 = 0, 476 = r - k. Let x = r - 337. What is the tens digit of x?
4
Suppose a + 5*p = -3 - 5, 5*a + 4*p = 23. What is the hundreds digit of a*(-240)/(-28)*4?
2
Let i(n) = 124*n**3 - 3*n**2 + 5*n. Let y be i(2). What is the hundreds digit of ((-58)/(-3))/(10/y*2)?
9
Suppose 5*x = 3*c - 4213, -3*c - 2*c - 4*x = -6960. Let u = -533 + c. What is the units digit of u?
3
Let f = -6164 - -17208. What is the units digit of f?
4
Let g = 751 + -514. What is the units digit of g/9*(4 + -1)?
9
Suppose -2*v + 1260 = 5*v. Suppose -5*y + v = -5*c, -y + 11 = -2*c - 21. Let h = -38 + y. What is the units digit of h?
2
Let o(h) = -24*h**2 + 24*h + 3. Let q be (1/(-2))/(-4 + 117/30). Let k(i) = 16*i**2 - 16*i - 2. Let w(n) = q*o(n) + 8*k(n). What is the units digit of w(4)?
5
Let t = 1887 - -173. What is the tens digit of t?
6
Let d(f) = -5*f**3 + 14*f**2 - 79*f - 928. What is the thousands digit of d(-22)?
0
Let d = 718 + -1431. Let g = d - -493. What is the tens digit of ((-24)/10)/(6/g)?
8
Let y(w) = 20*w - 11 + 6*w + 20*w - 18. What 